{"id":395,"date":"2023-01-08T17:20:47","date_gmt":"2023-01-08T17:20:47","guid":{"rendered":"http:\/\/spioner.dk\/?page_id=395"},"modified":"2023-01-08T17:36:02","modified_gmt":"2023-01-08T17:36:02","slug":"politiet-i-mellemkrigstiden","status":"publish","type":"page","link":"https:\/\/spioner.dk\/index.php\/spioner-mellem-to-krige\/politiet-i-mellemkrigstiden\/","title":{"rendered":"Politiet i mellemkrigstiden"},"content":{"rendered":"\n<p>Frem til 1. april 1938 var det Statspolitichefen der varetog bek\u00e6mpelse af spionage, sabotage og samfundsnedbrydende aktiviteter.<\/p>\n\n\n\n<p>Fra 1. april 1938 og frem til bes\u00e6ttelsen 9. april 1940 var det K\u00f8benhavns opdagelsespolitis afdeling D<\/p>\n\n\n\n<hr class=\"wp-block-separator has-alpha-channel-opacity\"\/>\n\n\n\n<p>I perioden 1921 og 1934 blev der unders\u00f8gt 15 sager om ulovlig efterretningsvirksomhed.<\/p>\n\n\n\n<h3 class=\"wp-block-heading\">Statestik og registreringer:<\/h3>\n\n\n\n<p>1922: Bolsjevikkernes kurrertheneste og spionage samt propagande<\/p>\n\n\n\n<p>1928: Forskellige milit\u00e6re personers forhold med hensyn til spionage for fremmed stat mod Danmark<\/p>\n\n\n\n<p>1934: \u00e9n person d\u00f8mt for ulovlig efterretningsvirksomhed (ny straffelov \u00a7 105)<\/p>\n\n\n\n<p>1935: \u00e9n person d\u00f8mt for ulovlig efterretningsvirksomhed (ny straffelov \u00a7 105), 5 sager p\u00e5g\u00e5r.<\/p>\n\n\n\n<p>1936: 0 d\u00f8mt<\/p>\n\n\n\n<p>1937: 0 d\u00f8mt, 6 sager p\u00e5g\u00e5r<\/p>\n\n\n\n<p>1939: <\/p>\n\n\n\n<hr class=\"wp-block-separator has-alpha-channel-opacity\"\/>\n\n\n\n<p>DISSE SIDER ER UNDER UDARBEJDELSE<\/p>\n\n\n\n<p><\/p>\n\n\n\n<p><strong>Kilde<\/strong>:<\/p>\n\n\n\n<p>Henrik Stevnsborgs bog &#8220;Politiet 1938-47, bek\u00e6mpelse af spionage, sabotage og nedbrydende virksomhed&#8221; udgivet af GEC Forlag 1992, ISBN: 87-12-02146-6<\/p>\n","protected":false},"excerpt":{"rendered":"<p>Frem til 1. april 1938 var det Statspolitichefen der varetog bek\u00e6mpelse af spionage, sabotage og samfundsnedbrydende aktiviteter. Fra 1. april 1938 og frem til bes\u00e6ttelsen 9. april 1940 var det K\u00f8benhavns opdagelsespolitis afdeling D I perioden 1921 og 1934 blev der unders\u00f8gt 15 sager om ulovlig efterretningsvirksomhed. Statestik og registreringer: 1922: Bolsjevikkernes kurrertheneste og spionage [&hellip;]<\/p>\n","protected":false},"author":1,"featured_media":0,"parent":5,"menu_order":0,"comment_status":"open","ping_status":"closed","template":"","meta":{"inline_featured_image":false,"footnotes":""},"class_list":["post-395","page","type-page","status-publish","hentry"],"_links":{"self":[{"href":"https:\/\/spioner.dk\/index.php\/wp-json\/wp\/v2\/pages\/395","targetHints":{"allow":["GET"]}}],"collection":[{"href":"https:\/\/spioner.dk\/index.php\/wp-json\/wp\/v2\/pages"}],"about":[{"href":"https:\/\/spioner.dk\/index.php\/wp-json\/wp\/v2\/types\/page"}],"author":[{"embeddable":true,"href":"https:\/\/spioner.dk\/index.php\/wp-json\/wp\/v2\/users\/1"}],"replies":[{"embeddable":true,"href":"https:\/\/spioner.dk\/index.php\/wp-json\/wp\/v2\/comments?post=395"}],"version-history":[{"count":3,"href":"https:\/\/spioner.dk\/index.php\/wp-json\/wp\/v2\/pages\/395\/revisions"}],"predecessor-version":[{"id":398,"href":"https:\/\/spioner.dk\/index.php\/wp-json\/wp\/v2\/pages\/395\/revisions\/398"}],"up":[{"embeddable":true,"href":"https:\/\/spioner.dk\/index.php\/wp-json\/wp\/v2\/pages\/5"}],"wp:attachment":[{"href":"https:\/\/spioner.dk\/index.php\/wp-json\/wp\/v2\/media?parent=395"}],"curies":[{"name":"wp","href":"https:\/\/api.w.org\/{rel}","templated":true}]}}