{"id":284,"date":"2022-08-23T13:56:54","date_gmt":"2022-08-23T13:56:54","guid":{"rendered":"http:\/\/spioner.dk\/?page_id=284"},"modified":"2022-08-23T15:45:19","modified_gmt":"2022-08-23T15:45:19","slug":"besaettelsen-af-roemoe","status":"publish","type":"page","link":"https:\/\/spioner.dk\/index.php\/spioner-mellem-to-krige\/horst-gustav-friedrich-pflugk-harttung\/tiden-i-danmark\/spionagenetvaerket-etableres\/besaettelsen-af-roemoe\/","title":{"rendered":"Bes\u00e6ttelsen af R\u00f8m\u00f8"},"content":{"rendered":"\n<p>I mobiliseringsplanen (Mob-Plan) og &#8220;Spannungsplan&#8221; falder man over en lille men us\u00e6dvanlig plan &#8211; bes\u00e6ttelsen af R\u00f8m\u00f8.<\/p>\n\n\n<div class=\"wp-block-image\">\n<figure class=\"aligncenter size-full\"><img loading=\"lazy\" decoding=\"async\" width=\"455\" height=\"179\" src=\"http:\/\/spioner.dk\/wp-content\/uploads\/2022\/08\/Pages-from-Pflugk-Harttung-parm2-3c75a.jpg\" alt=\"\" class=\"wp-image-285\" srcset=\"https:\/\/spioner.dk\/wp-content\/uploads\/2022\/08\/Pages-from-Pflugk-Harttung-parm2-3c75a.jpg 455w, https:\/\/spioner.dk\/wp-content\/uploads\/2022\/08\/Pages-from-Pflugk-Harttung-parm2-3c75a-300x118.jpg 300w\" sizes=\"auto, (max-width: 455px) 100vw, 455px\" \/><\/figure>\n<\/div>\n\n\n<p>&#8220;Hansen&#8221; var ikke blandt de anholdte og er lidt et mysterium. Og hvorfor bes\u00e6tte R\u00f8m\u00f8 ene mand?<\/p>\n\n\n\n<p>Det kunne ogs\u00e5 v\u00e6re et kodeord for et objekt eller et andet vigtigt omr\u00e5de, hvilket alt tyder p\u00e5 &#8211; dels er stavem\u00e5den forkert (Rom\u00f6 og ikke R\u00f6m\u00f6, som p\u00e5 datidens kort) og dels er der intet der tyder p\u00e5 at der var noget specielt sp\u00e6ndende p\u00e5 R\u00f8m\u00f8.<\/p>\n\n\n\n<p>R\u00f8m\u00f8 har en vis st\u00f8rrelse og umiddelbart var der intet sp\u00e6ndende her. Forsvaret havde godt nok et skydeomr\u00e5de der, men ellers intet.<\/p>\n\n\n\n<p>Vigtigt m\u00e5 det dog ha&#8217; v\u00e6ret &#8211; allerede den 9. april 1940 blev R\u00f8m\u00f8 besat og der blev etableret luftv\u00e6rnsartilleri p\u00e5 \u00f8en. Resten af krigen var \u00f8en et milit\u00e6rt omr\u00e5de.<\/p>\n\n\n\n<hr class=\"wp-block-separator has-alpha-channel-opacity\"\/>\n\n\n\n<p><a href=\"http:\/\/spioner.dk\/index.php\/spioner-mellem-to-krige\/horst-gustav-friedrich-pflugk-harttung\/tiden-i-danmark\/\">Retur til &#8220;Tiden i Danmark&#8221;<\/a><\/p>\n","protected":false},"excerpt":{"rendered":"<p>I mobiliseringsplanen (Mob-Plan) og &#8220;Spannungsplan&#8221; falder man over en lille men us\u00e6dvanlig plan &#8211; bes\u00e6ttelsen af R\u00f8m\u00f8. &#8220;Hansen&#8221; var ikke blandt de anholdte og er lidt et mysterium. Og hvorfor bes\u00e6tte R\u00f8m\u00f8 ene mand? Det kunne ogs\u00e5 v\u00e6re et kodeord for et objekt eller et andet vigtigt omr\u00e5de, hvilket alt tyder p\u00e5 &#8211; dels er [&hellip;]<\/p>\n","protected":false},"author":1,"featured_media":0,"parent":173,"menu_order":0,"comment_status":"open","ping_status":"closed","template":"template-fullwidth.php","meta":{"inline_featured_image":false,"footnotes":""},"class_list":["post-284","page","type-page","status-publish","hentry"],"_links":{"self":[{"href":"https:\/\/spioner.dk\/index.php\/wp-json\/wp\/v2\/pages\/284","targetHints":{"allow":["GET"]}}],"collection":[{"href":"https:\/\/spioner.dk\/index.php\/wp-json\/wp\/v2\/pages"}],"about":[{"href":"https:\/\/spioner.dk\/index.php\/wp-json\/wp\/v2\/types\/page"}],"author":[{"embeddable":true,"href":"https:\/\/spioner.dk\/index.php\/wp-json\/wp\/v2\/users\/1"}],"replies":[{"embeddable":true,"href":"https:\/\/spioner.dk\/index.php\/wp-json\/wp\/v2\/comments?post=284"}],"version-history":[{"count":2,"href":"https:\/\/spioner.dk\/index.php\/wp-json\/wp\/v2\/pages\/284\/revisions"}],"predecessor-version":[{"id":357,"href":"https:\/\/spioner.dk\/index.php\/wp-json\/wp\/v2\/pages\/284\/revisions\/357"}],"up":[{"embeddable":true,"href":"https:\/\/spioner.dk\/index.php\/wp-json\/wp\/v2\/pages\/173"}],"wp:attachment":[{"href":"https:\/\/spioner.dk\/index.php\/wp-json\/wp\/v2\/media?parent=284"}],"curies":[{"name":"wp","href":"https:\/\/api.w.org\/{rel}","templated":true}]}}